 29, 5023
What are the prime factors of 497264?
2, 31079
List the prime factors of 5571818.
2, 7, 17, 41, 571
What are the prime factors of 2107986?
2, 3, 409, 859
What are the prime factors of 213309?
3, 137, 173
What are the prime factors of 377378?
2, 19, 9931
What are the prime factors of 937912?
2, 117239
What are the prime factors of 5037049?
17, 181, 1637
List the prime factors of 2281093.
2281093
What are the prime factors of 531513?
3, 73, 809
What are the prime factors of 264506?
2, 11, 1093
What are the prime factors of 586817?
7, 11, 7621
List the prime factors of 330459.
3, 59, 1867
List the prime factors of 118027.
7, 13, 1297
List the prime factors of 8764081.
23, 381047
What are the prime factors of 5346296?
2, 17, 19, 2069
What are the prime factors of 88328?
2, 61, 181
List the prime factors of 105493.
31, 41, 83
List the prime factors of 7167312.
2, 3, 47, 353
What are the prime factors of 2537488?
2, 17, 19, 491
List the prime factors of 1064399.
7, 19, 53, 151
What are the prime factors of 1996966?
2, 757, 1319
List the prime factors of 1547708.
2, 386927
List the prime factors of 5755615.
5, 31, 71, 523
What are the prime factors of 15638913?
3, 193073
What are the prime factors of 123097?
13, 17, 557
What are the prime factors of 1686086?
2, 843043
What are the prime factors of 12750528?
2, 3, 7, 53, 179
List the prime factors of 1273673.
1273673
List the prime factors of 5288331.
3, 1762777
List the prime factors of 168869.
168869
List the prime factors of 3052737.
3, 41, 8273
What are the prime factors of 271995?
3, 5, 18133
List the prime factors of 548306.
2, 11, 24923
List the prime factors of 1428500.
2, 5, 2857
What are the prime factors of 216592?
2, 13537
List the prime factors of 503529.
3, 13, 12911
List the prime factors of 23010167.
821, 28027
What are the prime factors of 2337233?
2337233
List the prime factors of 467388.
2, 3, 12983
List the prime factors of 189349.
189349
List the prime factors of 8452194.
2, 3, 1408699
List the prime factors of 251059.
251059
What are the prime factors of 3591827?
1583, 2269
List the prime factors of 20259024.
2, 3, 422063
What are the prime factors of 636817?
636817
List the prime factors of 125066.
2, 62533
What are the prime factors of 3276499?
409, 8011
List the prime factors of 643773.
3, 13, 17, 971
What are the prime factors of 514788?
2, 3, 42899
What are the prime factors of 675675?
3, 5, 7, 11, 13
What are the prime factors of 179913?
3, 59971
List the prime factors of 115386.
2, 3, 19231
List the prime factors of 757258.
2, 378629
What are the prime factors of 746841?
3, 173, 1439
What are the prime factors of 250456?
2, 31307
What are the prime factors of 322427?
7, 46061
What are the prime factors of 378052?
2, 94513
List the prime factors of 26649722.
2, 11, 211, 5741
List the prime factors of 7844317.
13, 179, 3371
List the prime factors of 1161092.
2, 281, 1033
List the prime factors of 398947.
223, 1789
What are the prime factors of 645270?
2, 3, 5, 137, 157
List the prime factors of 3815602.
2, 7, 449, 607
List the prime factors of 82194.
2, 3, 7, 19, 103
List the prime factors of 50442.
2, 3, 7, 1201
List the prime factors of 3602174.
2, 47, 38321
What are the prime factors of 1840554?
2, 3, 102253
What are the prime factors of 291674?
2, 41, 3557
What are the prime factors of 200815?
5, 40163
What are the prime factors of 2950617?
3, 43, 89, 257
What are the prime factors of 4011772?
2, 31, 32353
List the prime factors of 10883446.
2, 7, 777389
List the prime factors of 411980.
2, 5, 20599
What are the prime factors of 1003519?
11, 91229
What are the prime factors of 92133?
3, 29, 353
What are the prime factors of 5848491?
3, 11, 31, 5717
What are the prime factors of 1613476?
2, 403369
List the prime factors of 129873.
3, 43291
What are the prime factors of 3563863?
17, 209639
What are the prime factors of 418612?
2, 229, 457
What are the prime factors of 516233?
516233
List the prime factors of 905230.
2, 5, 90523
What are the prime factors of 12238?
2, 29, 211
List the prime factors of 750309.
3, 7, 35729
What are the prime factors of 279182?
2, 139591
What are the prime factors of 4700499?
3, 31, 50543
What are the prime factors of 805087?
19, 42373
What are the prime factors of 263077?
263077
What are the prime factors of 1828739?
11, 83, 2003
List the prime factors of 2436393.
3, 113, 7187
List the prime factors of 228013.
228013
What are the prime factors of 18069916?
2, 733, 6163
List the prime factors of 2583524.
2, 17, 37993
List the prime factors of 229436.
2, 41, 1399
What are the prime factors of 632125?
5, 13, 389
List the prime factors of 1175095.
5, 199, 1181
List the prime factors of 1733470.
2, 5, 173347
What are the prime factors of 7193789?
7193789
List the prime factors of 7287533.
11, 283, 2341
List the prime factors of 643828.
2, 71, 2267
What are the prime factors of 721388?
2, 180347
What are the prime factors of 973449?
3, 108161
List the prime factors of 4507989.
3, 31, 48473
What are the prime factors of 1734836?
2, 59, 7351
What are the prime factors of 292123?
13, 23, 977
List the prime factors of 7315624.
2, 293, 3121
What are the prime factors of 1606445?
5, 321289
List the prime factors of 405092.
2, 101273
List the prime factors of 2429900.
2, 5, 11, 47
What are the prime factors of 176406?
2, 3, 29401
What are the prime factors of 27803?
27803
List the prime factors of 827495.
5, 359, 461
What are the prime factors of 4635943?
13, 19, 137
What are the prime factors of 712260?
2, 3, 5, 1319
What are the prime factors of 7929389?
13, 727, 839
List the prime factors of 5318194.
2, 7, 29, 13099
What are the prime factors of 163218?
2, 3, 11, 2473
List the prime factors of 6286424.
2, 785803
What are the prime factors of 1832036?
2, 458009
List the prime factors of 3425636.
2, 17, 50377
List the prime factors of 2172991.
17, 73, 103
List the prime factors of 2496515.
5, 7, 71329
List the prime factors of 734628.
2, 3, 29, 2111
What are the prime factors of 186680?
2, 5, 13, 359
What are the prime factors of 8884133?
67, 97, 1367
List the prime factors of 1265119.
1265119
List the prime factors of 7973517.
3, 251, 10589
What are the prime factors of 15599731?
7, 2228533
What are the prime factors of 588606?
2, 3, 98101
What are the prime factors of 502980?
2, 3, 5, 83, 101
List the prime factors of 283512.
2, 3, 11813
What are the prime factors of 571122?
2, 3, 31729
What are the prime factors of 14377878?
2, 3, 449, 593
List the prime factors of 11723399.
19, 23, 139, 193
List the prime factors of 506636.
2, 13, 9743
List the prime factors of 1679028.
2, 3, 13, 47, 229
List the prime factors of 394183.
401, 983
List the prime factors of 209910.
2, 3, 5, 6997
What are the prime factors of 2542494?
2, 3, 423749
List the prime factors of 14445724.
2, 3611431
What are the prime factors of 7027288?
2, 878411
List the prime factors of 150127.
17, 8831
What are the prime factors of 161963?
149, 1087
What are the prime factors of 13953419?
1489, 9371
List the prime factors of 732411.
3, 17, 4787
List the prime factors of 24755809.
13, 1904293
List the prime factors of 301987.
7, 6163
List the prime factors of 14030038.
2, 11, 637729
What are the prime factors of 4340278?
2, 587, 3697
List the prime factors of 557167.
13, 42859
List the prime factors of 81846.
2, 3, 4547
List the prime factors of 219423.
3, 73141
List the prime factors of 181872.
2, 3, 421
What are the prime factors of 740935?
5, 13, 11399
What are the prime factors of 527195?
5, 97, 1087
List the prime factors of 679883.
679883
What are the prime factors of 11482093?
7, 1640299
What are the prime factors of 513900?
2, 3, 5, 571
What are the prime factors of 523264?
2, 7, 73
List the prime factors of 596968.
2, 71, 1051
What are the prime factors of 14768857?
47, 151, 2081
What are the prime factors of 298508?
2, 7, 1523
List the prime factors of 1144506.
2, 3, 11, 17341
List the prime factors of 281441.
229, 1229
What are the prime factors of 1086415?
5, 11, 19753
What are the prime factors of 275410?
2, 5, 27541
What are the prime factors of 2138353?
7, 305479
What are the prime factors of 2974914?
2, 3, 89, 619
What are the prime factors of 256364?
2, 6409